 composite number?
False
Let k be -5*1/1*1. Let j(q) = 15*q**2 + 6*q + 2. Is j(k) composite?
False
Let l(w) = -4*w**3 + 6*w**2 + w + 3. Let t be l(5). Let u = 461 - t. Is u a composite number?
True
Let i be 6965/11 - (-4)/(-22). Suppose -5*w - 97 - i = 0. Let f = -93 - w. Is f composite?
False
Suppose -2*d = 3*s - 4*s + 3, 5*d + 2*s = 15. Let i be (53 - d)*13/4. Suppose -3*a = -i - 332. Is a a prime number?
True
Suppose -6 = 2*n, 0 = d - 4*d + 4*n + 18. Suppose -4*i = -d*t - 171 + 1037, -3*i = 3*t + 627. Let w = 701 + i. Is w composite?
False
Suppose -5*a + 35 = 190. Let l = -145 - a. Is (-1 - -2) + l/(-2) composite?
True
Let j(a) = -a**2 - 14 + 33 - 18 + a. Let u(c) = -8*c**2 + 12*c + 19. Let s(q) = 6*j(q) - u(q). Is s(-7) a composite number?
False
Let a = -33 + 58. Suppose 5*w + 232 = -3*i, 50 + a = -i - 4*w. Let r = -44 - i. Is r a composite number?
True
Let f(q) = q**3 + 3*q**2 - 2. Let x be f(-2). Let g be (1*-1996)/(-4 + 2). Suppose -x*y = -g - 116. Is y composite?
False
Let m = 14 - 9. Suppose -3 = -4*x + m. Suppose 0 = -y + 3*n + 2*n + 89, x*y + 2*n = 130. Is y composite?
True
Let u = 1766 - 3955. Let f = -1493 - u. Is (-1)/2*f/(-4) a prime number?
False
Let r(c) = -3*c - 17. Let y be r(-16). Suppose 5*p = 4*p + y. Is p a composite number?
False
Let z = -2058 - -9049. Is z prime?
True
Let t = 14 + -9. Suppose t*r = 2*r. Suppose r*y - 5*y + 655 = 0. Is y composite?
False
Let g(u) = 4*u + 4. Let w be g(0). Suppose o + 3*r - 784 = 0, -w*o - 2*r = -9*o + 3937. Is o composite?
False
Suppose -2*f - 4*p + 12002 = 0, -4*f + p = -7*f + 18013. Is f a composite number?
True
Let c be 9 - ((0 - 0) + 2). Let z(t) = -t**3 + 7*t**2 - 2*t + 14. Let x be z(c). Suppose x = 3*h - 557 - 94. Is h composite?
True
Let g = 956 + -1851. Let x = 1446 + g. Is x composite?
True
Let u be 94/16 + -1 - (-1)/8. Let j(y) = 16*y + 13. Is j(u) composite?
True
Suppose 4*c = 3*q - 12, 0 = -2*q - 5*c + 8 - 0. Suppose 2*p = 4*z - 0*p, 16 = q*p. Suppose 1269 = 4*d + m, z*m = -4*d + 365 + 905. Is d prime?
True
Let b(g) = 16*g**2 + 3*g + 4. Let a be b(3). Suppose 0 = -10*d + 11*d - a. Is d composite?
False
Let g be ((-1531)/(-2))/((-1)/(-2)). Suppose 0 = -38*r - 33 + 109. Suppose r*t - 616 = y, 0 = 5*t + y + y - g. Is t a prime number?
True
Suppose -u + 18675 = 5175. Is 9/(-7) + 1 - u/(-63) a composite number?
True
Let y(w) = -29*w**3 + 8*w**2 + 13*w - 16. Let b be y(-7). Suppose -h + t + 2561 = 0, 2*h + 2*h + 2*t = b. Is h prime?
False
Suppose b - 2*y = -2 - 4, -2*y - 10 = -5*b. Suppose -3*d + 1261 = -b*x, -2*d + 3*x + 708 = -133. Is d prime?
True
Suppose -2*d + d - 3*m = -225, 4*d = m + 939. Let v(z) = -96 - z + d + 191 + 0*z. Is v(0) a composite number?
True
Let o(w) = 47*w - 43 + 62*w - w + 66*w. Is o(3) a prime number?
True
Let p be (2 - -1) + (-9 - 2). Let g be (708 - p) + 1*2. Let z = -485 + g. Is z a prime number?
True
Is (1 - 4)*-3*6070/45 prime?
False
Let z be 177 + (-6)/33 + (-70)/(-22). Suppose h + z = 499. Is h prime?
False
Let a(s) = -s**3 - 10*s**2 - 9*s. Let o be a(-9). Suppose o = 3*l - 3*h - 501, 2*l + 2*l = -h + 658. Is 3/(2 + (-321)/l) composite?
True
Suppose -5*f = 3*w - 26476, 0 = 5*f - 4*f + 4*w - 5285. Is f a composite number?
False
Is 10/((-110)/33) - -2420 a composite number?
False
Suppose -2*f - 19678 = -2*x, -f - 3 + 2 = 0. Is x a composite number?
True
Let z(n) = 2*n - 3*n**2 + 2 - 9 + 1 + 2*n**2. Let j be z(0). Let s(h) = 15*h**2 + 5*h + 19. Is s(j) a prime number?
False
Let r(h) = -3*h + 15. Let k be r(6). Let c be 4 - 1/(k/24). Is 332/c*(1 + 2) a prime number?
True
Suppose 1002 = -6*j + 246. Let i = 64 + -113. Let v = i - j. Is v a prime number?
False
Suppose 5*c - 131468 = 3*g, 0 = -3*c + 6*g - g + 78884. Is c a prime number?
True
Is 46878/14 + (-12)/28 + 5 a composite number?
True
Let z(b) = 498*b**3 + 6*b**2 - 5*b + 9. Is z(4) a prime number?
True
Let s = -8 - -6. Is (1/2)/(s/(-3508)) a composite number?
False
Suppose 4*w - 3691 = 5*i, 5*i - 708 = -w + 196. Is w a prime number?
True
Suppose 26*d - 31*d = -5, -2*d = -4*m + 128466. Is m a prime number?
True
Let s(w) = -187*w + 75. Is s(-2) a composite number?
False
Let p = 19303 + -10577. Is p prime?
False
Let z = -1921 + 9036. Is z prime?
False
Let u(s) = -s**3 + 10*s**2 - 9*s. Let g be u(9). Suppose -2179 = -4*q + 3*k - g*k, -2*k - 1633 = -3*q. Is q a composite number?
False
Suppose 4*w - 7424 = -4*v, -5*v - 4299 + 552 = -2*w. Is w composite?
False
Suppose 9*o - 5*o = -2*v + 46074, 2*v = 5*o - 57615. Is o prime?
False
Let c be 536/64 - 8 - (-10)/16. Let x(a) = -220*a**2 + 8*a - 7. Let l(j) = -219*j**2 + 7*j - 6. Let z(i) = -6*l(i) + 5*x(i). Is z(c) composite?
True
Let c = 25277 - 16782. Is c a prime number?
False
Let v(g) = -35*g**2 - 5*g + 3. Let a be v(-7). Let b = a - -2474. Is b composite?
False
Let w(m) = m + 5. Let y be w(-3). Let z(b) = y*b**2 + 10*b - 21*b - 2 + 6. Is z(9) composite?
False
Let a = 25 + -13. Suppose i + a = -i. Is (-998)/(-4 - i/3) prime?
True
Let q be -5*(-14)/10 + -5. Let n be 76/3*6/4. Suppose 0 = -q*o + 92 + n. Is o prime?
False
Suppose -5*g = -2*g - 5*p - 11, -g = 2*p. Suppose g*u - 90 - 44 = 0. Is u a prime number?
True
Let v(z) = -16*z + 2 - 22*z + 1. Let d be v(-9). Suppose 8*o = 11*o - d. Is o prime?
False
Let u(d) = 13*d**2 + 5*d + 2. Let b = -5 - -2. Let q be u(b). Suppose 0 = -c + 225 + q. Is c a prime number?
False
Suppose 673981 = 62*z + 15*z. Is z a prime number?
True
Let s(z) = -2*z**3 + 7*z**2 - 9*z + 17. Let r = -11 - -3. Is s(r) a composite number?
True
Let i(u) = -6*u**3 + 17*u**2 + 6*u - 9. Let w(c) = 5*c**3 - 16*c**2 - 6*c + 8. Let l(a) = 6*i(a) + 7*w(a). Let z be l(-8). Is -1 + 2 - 2 - z a prime number?
False
Suppose 1571*i - 1577*i + 105126 = 0. Is i composite?
True
Let l = 16 - 14. Let p be (12/(-36))/(l/42). Let b(z) = -106*z - 5. Is b(p) a composite number?
True
Suppose -2*q + 12 = 3*c + q, -2*c - 3*q = -12. Suppose -m = -3 - c. Suppose 0 = 2*b - m*i + 21 - 1507, i = -2*b + 1486. Is b prime?
True
Suppose 5*u - 11 - 4 = 0. Let i = -9 + u. Is i/(-9) + 470/6 composite?
False
Let m(w) = -w**3 - 18*w**2 - 13*w - 31. Let r be m(-14). Let f = r + 1436. Is f a composite number?
True
Let m be -1 - 0 - 1*343. Let c = 1271 - 628. Let u = m + c. Is u composite?
True
Let r be (-8)/12*(-7815)/5. Is (r/(-4))/(-1)*2 composite?
False
Let y(d) = 2*d**3 - 23*d**2 - 12*d + 4. Let v be y(12). Is v + (0 - 0) - -303 a prime number?
True
Is (26812 - -83) + (-1 - -9) composite?
False
Let b = 10 + 190. Suppose -5*x - q + 635 = 0, 5*x = -q + 4*q + 615. Suppose -3*k + x = i, 0 = 5*k + 2*i + 3*i - b. Is k prime?
True
Suppose 4*c - 3*h - 169024 = 0, 11*c - h + 211299 = 16*c. Is c prime?
False
Suppose 5*q - 18962 = -33*q. Is q prime?
True
Let x(g) = 3*g - 1. Let i be x(1). Suppose 66 = 3*z - 3*s, 5*z - i*s + 6*s - 110 = 0. Let n = 55 + z. Is n a prime number?
False
Let i(x) = -x**3 + 7*x**2 + 18*x + 2. Let b be i(9). Suppose -o + b*z + 4393 = -2*z, -8807 = -2*o + z. Is o a composite number?
True
Suppose -3*i = -5*i + 3*l + 35, 1 = l. Let w be i*(1 + 1*32). Suppose -6 = -3*s, -2*s - 2 = -3*d + w. Is d a composite number?
False
Let s(v) = -2*v**3 - 5*v**2 + 3*v - 113. Is s(-12) a composite number?
True
Let y(o) = -36*o + 8. Suppose 0 = 4*d + d + 75. Let n be y(d). Suppose -k - 4*k = -3*a + n, -5*k + 25 = 0. Is a a prime number?
True
Suppose -1150 = -9*y + 211817. Is y prime?
True
Let b = -512 - -1179. Is b a prime number?
False
Is (892 + 0)*57/114 prime?
False
Let h(f) = 1435*f - 143. Is h(6) prime?
True
Let b(g) = -3 + 2 + 66*g + 1. Let r be b(-1). Let l = r + 119. Is l prime?
True
Suppose 9*y = 12*y - 9. Suppose 5*c - 1069 = -2*x - 0*x, 0 = -y*c + x + 648. Is c a composite number?
True
Let o(q) = 2*q - 7. Let i be o(6). Suppose 0*g - 1265 = -i*g - 5*z, -5*g - 4*z = -1263. Is (g/(-2))/((-11)/22) composite?
False
Suppose -4*u - 7 + 15 = 0. Suppose a + 4 = u*f, 4*a - f + 9 = -0*a. Is a/(-14) + (-18930)/(-35) composite?
False
Suppose -70*o + 663410 = -625220. Is o a prime number?
False
Suppose 21 = 4*z - s, -4*s + 7*s + 3 = 0. Suppose -2*f - 153 = -z*f. Is f composite?
True
Suppose 0 = -5*p + 2*h + 3*h + 340, -267 = -4*p + 3*h. Suppose i + 0*b - p = 2*b, -5 = b. Is i a composite number?
False
Let u(k) = k**3 - 6*k**2 - 6*k + 5. Let s be u(7). Let i be (-4)/((-16)/s) + 2210